{"id":77,"date":"2017-04-13T14:44:38","date_gmt":"2017-04-13T14:44:38","guid":{"rendered":"http:\/\/www.mrrauhotel.pl\/?page_id=77"},"modified":"2022-11-21T19:40:28","modified_gmt":"2022-11-21T19:40:28","slug":"home-1","status":"publish","type":"page","link":"https:\/\/www.mrrauhotel.pl\/","title":{"rendered":"Home 1"},"content":{"rendered":"<p>[vc_row full_width=&#8221;stretch_row_content_no_spaces&#8221;][vc_column]\n\t\t\t<!-- START cats1 REVOLUTION SLIDER 6.6.7 --><p class=\"rs-p-wp-fix\"><\/p>\n\t\t\t<rs-module-wrap id=\"rev_slider_1_1_wrapper\" data-source=\"gallery\" style=\"visibility:hidden;background:transparent;padding:0;margin:0px auto;margin-top:0;margin-bottom:0;\">\n\t\t\t\t<rs-module id=\"rev_slider_1_1\" style=\"\" data-version=\"6.6.7\">\n\t\t\t\t\t<rs-slides style=\"overflow: hidden; position: absolute;\">\n\t\t\t\t\t\t<rs-slide style=\"position: absolute;\" data-key=\"rs-1\" data-title=\"Slide\" data-duration=\"3000\" data-anim=\"adpr:false;\">\n\t\t\t\t\t\t\t<img decoding=\"async\" src=\"\/\/www.mrrauhotel.pl\/wp-content\/plugins\/revslider\/public\/assets\/assets\/dummy.png\" alt=\"\" title=\"Home 1\" class=\"rev-slidebg tp-rs-img rs-lazyload\" data-lazyload=\"\/\/www.mrrauhotel.pl\/wp-content\/uploads\/2020\/12\/Mrrau-Hotel-sg.jpg\" data-no-retina>\n<!---->\t\t\t\t\t\t<\/rs-slide>\n\t\t\t\t\t\t<rs-slide style=\"position: absolute;\" data-key=\"rs-6\" data-title=\"Slide\" data-duration=\"3000\" data-anim=\"adpr:false;\">\n\t\t\t\t\t\t\t<img decoding=\"async\" src=\"\/\/www.mrrauhotel.pl\/wp-content\/plugins\/revslider\/public\/assets\/assets\/dummy.png\" alt=\"\" title=\"Home 1\" class=\"rev-slidebg tp-rs-img rs-lazyload\" data-lazyload=\"\/\/www.mrrauhotel.pl\/wp-content\/uploads\/2020\/12\/Mrrau-Hotel-sg2.jpg\" data-no-retina>\n<!---->\t\t\t\t\t\t<\/rs-slide>\n\t\t\t\t\t<\/rs-slides>\n\t\t\t\t<\/rs-module>\n\t\t\t\t<script>\n\t\t\t\t\tsetREVStartSize({c: 'rev_slider_1_1',rl:[1240,1024,778,480],el:[500],gw:[1240],gh:[500],type:'standard',justify:'',layout:'fullwidth',mh:\"0\"});if (window.RS_MODULES!==undefined && window.RS_MODULES.modules!==undefined && window.RS_MODULES.modules[\"revslider11\"]!==undefined) {window.RS_MODULES.modules[\"revslider11\"].once = false;window.revapi1 = undefined;if (window.RS_MODULES.checkMinimal!==undefined) window.RS_MODULES.checkMinimal()}\n\t\t\t\t<\/script>\n\t\t\t<\/rs-module-wrap>\n\t\t\t<!-- END REVOLUTION SLIDER -->\n[\/vc_column][\/vc_row][vc_row][vc_column icons_position=&#8221;left&#8221;][vc_empty_space alter_height=&#8221;large&#8221; hide_on_mobile=&#8221;&#8221; css=&#8221;.vc_custom_1494159310838{margin-top: 0.7rem !important;}&#8221;]<div id=\"sc_title_1605032603\"\n\t\tclass=\"sc_title color_style_default sc_title_default\"><h2 class=\"sc_item_title sc_title_title sc_align_center sc_item_title_style_default sc_item_title_tag\">Poznaj MrrauHotel<\/h2><h6 class=\"sc_item_subtitle sc_title_subtitle sc_align_center sc_item_title_style_default\">Wysoki poziom opieki nad futrzakami<\/h6><\/div><!-- \/.sc_title -->[vc_empty_space alter_height=&#8221;medium&#8221; hide_on_mobile=&#8221;&#8221; css=&#8221;.vc_custom_1494159345357{margin-top: 1.85rem !important;}&#8221;][vc_column_text]<\/p>\n<p style=\"text-align: justify;\">Mrrau Hotel \u2013 miejsce to powsta\u0142o w jednym celu \u2013 zapewni\u0107 zwierzakom i ich opiekunom najlepsz\u0105 opiek\u0119 i wsparcie, jakiego potrzebuj\u0105. Dzia\u0142amy od 2020 roku, w miejscowo\u015bci Marki i codziennie z u\u015bmiechem na twarzy witamy naszych klient\u00f3w! Przejrzyj witryn\u0119 aby dowiedzie\u0107 si\u0119 wi\u0119cej.<\/p>\n<p style=\"text-align: center;\"><a href=\"https:\/\/www.mrrauhotel.pl\/index.php\/regulamin-2\/\"><strong>REGULAMIN MRRAUHOTEL<\/strong><\/a><\/p>\n<p>[\/vc_column_text][\/vc_column][\/vc_row][vc_row][vc_column width=&#8221;1\/3&#8243; icons_position=&#8221;left&#8221;][\/vc_column][vc_column width=&#8221;1\/3&#8243; icons_position=&#8221;left&#8221;][vc_empty_space alter_height=&#8221;medium&#8221; hide_on_mobile=&#8221;&#8221; css=&#8221;.vc_custom_1494159629237{margin-top: 1.5rem !important;}&#8221;]<div class=\"sc_item_button sc_button_wrap sc_align_center\"><a href=\"http:\/\/www.mrrauhotel.pl\/index.php\/rezerwacja-3\/\" id=\"sc_button_629993471\" class=\"sc_button color_style_default sc_button_default sc_button_size_normal sc_button_icon_left sc_button_not_iconed\"><span class=\"sc_button_text\"><span class=\"sc_button_title\">Zarezerwuj termin<\/span><\/span><!-- \/.sc_button_text --><\/a><!-- \/.sc_button --><\/div><!-- \/.sc_item_button -->[vc_empty_space alter_height=&#8221;large&#8221; hide_on_mobile=&#8221;&#8221; css=&#8221;.vc_custom_1494159749317{margin-top: 0.9rem !important;}&#8221;][\/vc_column][vc_column width=&#8221;1\/3&#8243; icons_position=&#8221;left&#8221;][\/vc_column][\/vc_row][vc_row full_width=&#8221;stretch_row&#8221; css=&#8221;.vc_custom_1570525056021{background-color: #f5f4f0 !important;}&#8221;][vc_column icons_position=&#8221;left&#8221;][vc_empty_space alter_height=&#8221;large&#8221; hide_on_mobile=&#8221;&#8221; css=&#8221;.vc_custom_1493816908507{margin-top: 0.55rem !important;}&#8221;]<div id=\"sc_title_1337432084\"\n\t\tclass=\"sc_title color_style_default sc_title_default\"><h2 class=\"sc_item_title sc_title_title sc_align_center sc_item_title_style_default sc_item_title_tag\">Nasz Instagram<\/h2><h6 class=\"sc_item_subtitle sc_title_subtitle sc_align_center sc_item_title_style_default\">@mrrauhotel<\/h6><\/div><!-- \/.sc_title -->[vc_empty_space alter_height=&#8221;medium&#8221; hide_on_mobile=&#8221;&#8221; css=&#8221;.vc_custom_1493816974265{margin-top: 1.5rem !important;}&#8221;][vc_column_text]\n<div id=\"sb_instagram\"  class=\"sbi sbi_mob_col_1 sbi_tab_col_2 sbi_col_4 sbi_width_resp\" style=\"padding-bottom: 10px;\"\t data-feedid=\"*2\"  data-res=\"auto\" data-cols=\"4\" data-colsmobile=\"1\" data-colstablet=\"2\" data-num=\"4\" data-nummobile=\"4\" data-item-padding=\"5\"\t data-shortcode-atts=\"{&quot;feed&quot;:&quot;2&quot;}\"  data-postid=\"77\" data-locatornonce=\"a6a1cb1b6a\" data-imageaspectratio=\"1:1\" data-sbi-flags=\"favorLocal,gdpr\">\n\t<div class=\"sb_instagram_header  sbi_medium\"   >\n\t<a class=\"sbi_header_link\" target=\"_blank\"\n\t   rel=\"nofollow noopener\" href=\"https:\/\/www.instagram.com\/mrrauhotel\/\" title=\"@mrrauhotel\">\n\t\t<div class=\"sbi_header_text sbi_no_bio\">\n\t\t\t<div class=\"sbi_header_img\">\n\t\t\t\t\t\t\t\t\t<div class=\"sbi_header_img_hover\"  ><svg class=\"sbi_new_logo fa-instagram fa-w-14\" aria-hidden=\"true\" data-fa-processed=\"\" aria-label=\"Instagram\" data-prefix=\"fab\" data-icon=\"instagram\" role=\"img\" viewBox=\"0 0 448 512\">\n                    <path fill=\"currentColor\" d=\"M224.1 141c-63.6 0-114.9 51.3-114.9 114.9s51.3 114.9 114.9 114.9S339 319.5 339 255.9 287.7 141 224.1 141zm0 189.6c-41.1 0-74.7-33.5-74.7-74.7s33.5-74.7 74.7-74.7 74.7 33.5 74.7 74.7-33.6 74.7-74.7 74.7zm146.4-194.3c0 14.9-12 26.8-26.8 26.8-14.9 0-26.8-12-26.8-26.8s12-26.8 26.8-26.8 26.8 12 26.8 26.8zm76.1 27.2c-1.7-35.9-9.9-67.7-36.2-93.9-26.2-26.2-58-34.4-93.9-36.2-37-2.1-147.9-2.1-184.9 0-35.8 1.7-67.6 9.9-93.9 36.1s-34.4 58-36.2 93.9c-2.1 37-2.1 147.9 0 184.9 1.7 35.9 9.9 67.7 36.2 93.9s58 34.4 93.9 36.2c37 2.1 147.9 2.1 184.9 0 35.9-1.7 67.7-9.9 93.9-36.2 26.2-26.2 34.4-58 36.2-93.9 2.1-37 2.1-147.8 0-184.8zM398.8 388c-7.8 19.6-22.9 34.7-42.6 42.6-29.5 11.7-99.5 9-132.1 9s-102.7 2.6-132.1-9c-19.6-7.8-34.7-22.9-42.6-42.6-11.7-29.5-9-99.5-9-132.1s-2.6-102.7 9-132.1c7.8-19.6 22.9-34.7 42.6-42.6 29.5-11.7 99.5-9 132.1-9s102.7-2.6 132.1 9c19.6 7.8 34.7 22.9 42.6 42.6 11.7 29.5 9 99.5 9 132.1s2.7 102.7-9 132.1z\"><\/path>\n                <\/svg><\/div>\n\t\t\t\t\t<img loading=\"lazy\" decoding=\"async\"  src=\"https:\/\/www.mrrauhotel.pl\/wp-content\/plugins\/instagram-feed\/img\/thumb-placeholder.png\" alt=\"\" width=\"50\" height=\"50\">\n\t\t\t\t\n\t\t\t\t\t\t\t<\/div>\n\n\t\t\t<div class=\"sbi_feedtheme_header_text\">\n\t\t\t\t<h3>mrrauhotel<\/h3>\n\t\t\t\t\t\t\t<\/div>\n\t\t<\/div>\n\t<\/a>\n<\/div>\n\n\t<div id=\"sbi_images\"  style=\"gap: 10px;\">\n\t\t<div class=\"sbi_item sbi_type_video sbi_new sbi_transition\"\n\tid=\"sbi_18010148170436435\" data-date=\"1658533974\">\n\t<div class=\"sbi_photo_wrap\">\n\t\t<a class=\"sbi_photo\" href=\"https:\/\/www.instagram.com\/reel\/CgVWSFij08L\/\" target=\"_blank\" rel=\"noopener nofollow\"\n\t\t\tdata-full-res=\"https:\/\/scontent.cdninstagram.com\/v\/t51.29350-15\/295012693_781781006328076_4064513194391006233_n.jpg?_nc_cat=106&#038;ccb=1-7&#038;_nc_sid=8ae9d6&#038;_nc_ohc=QwbzxG5mgL0AX8D7iRB&#038;_nc_ht=scontent.cdninstagram.com&#038;edm=ANo9K5cEAAAA&#038;oh=00_AT8xYIoXFV9S_ioNUPTD0oYtfk_qxQf90M4zrc7JZ5iKWA&#038;oe=62E08419\"\n\t\t\tdata-img-src-set=\"{&quot;d&quot;:&quot;https:\\\/\\\/scontent.cdninstagram.com\\\/v\\\/t51.29350-15\\\/295012693_781781006328076_4064513194391006233_n.jpg?_nc_cat=106&amp;ccb=1-7&amp;_nc_sid=8ae9d6&amp;_nc_ohc=QwbzxG5mgL0AX8D7iRB&amp;_nc_ht=scontent.cdninstagram.com&amp;edm=ANo9K5cEAAAA&amp;oh=00_AT8xYIoXFV9S_ioNUPTD0oYtfk_qxQf90M4zrc7JZ5iKWA&amp;oe=62E08419&quot;,&quot;150&quot;:&quot;https:\\\/\\\/scontent.cdninstagram.com\\\/v\\\/t51.29350-15\\\/295012693_781781006328076_4064513194391006233_n.jpg?_nc_cat=106&amp;ccb=1-7&amp;_nc_sid=8ae9d6&amp;_nc_ohc=QwbzxG5mgL0AX8D7iRB&amp;_nc_ht=scontent.cdninstagram.com&amp;edm=ANo9K5cEAAAA&amp;oh=00_AT8xYIoXFV9S_ioNUPTD0oYtfk_qxQf90M4zrc7JZ5iKWA&amp;oe=62E08419&quot;,&quot;320&quot;:&quot;https:\\\/\\\/scontent.cdninstagram.com\\\/v\\\/t51.29350-15\\\/295012693_781781006328076_4064513194391006233_n.jpg?_nc_cat=106&amp;ccb=1-7&amp;_nc_sid=8ae9d6&amp;_nc_ohc=QwbzxG5mgL0AX8D7iRB&amp;_nc_ht=scontent.cdninstagram.com&amp;edm=ANo9K5cEAAAA&amp;oh=00_AT8xYIoXFV9S_ioNUPTD0oYtfk_qxQf90M4zrc7JZ5iKWA&amp;oe=62E08419&quot;,&quot;640&quot;:&quot;https:\\\/\\\/scontent.cdninstagram.com\\\/v\\\/t51.29350-15\\\/295012693_781781006328076_4064513194391006233_n.jpg?_nc_cat=106&amp;ccb=1-7&amp;_nc_sid=8ae9d6&amp;_nc_ohc=QwbzxG5mgL0AX8D7iRB&amp;_nc_ht=scontent.cdninstagram.com&amp;edm=ANo9K5cEAAAA&amp;oh=00_AT8xYIoXFV9S_ioNUPTD0oYtfk_qxQf90M4zrc7JZ5iKWA&amp;oe=62E08419&quot;}\">\n\t\t\t<span class=\"sbi-screenreader\">Sobota w Mrrau Hotel \ud83d\ude48\ud83d\ude3b\n\n#hoteldlakot\u00f3w #hoteldlak<\/span>\n\t\t\t\t\t\t<svg style=\"color: rgba(255,255,255,1)\" class=\"svg-inline--fa fa-play fa-w-14 sbi_playbtn\" aria-label=\"Play\" aria-hidden=\"true\" data-fa-processed=\"\" data-prefix=\"fa\" data-icon=\"play\" role=\"presentation\" xmlns=\"http:\/\/www.w3.org\/2000\/svg\" viewBox=\"0 0 448 512\"><path fill=\"currentColor\" d=\"M424.4 214.7L72.4 6.6C43.8-10.3 0 6.1 0 47.9V464c0 37.5 40.7 60.1 72.4 41.3l352-208c31.4-18.5 31.5-64.1 0-82.6z\"><\/path><\/svg>\t\t\t<img decoding=\"async\" src=\"https:\/\/www.mrrauhotel.pl\/wp-content\/plugins\/instagram-feed\/img\/placeholder.png\" alt=\"Sobota w Mrrau Hotel \ud83d\ude48\ud83d\ude3b\n\n#hoteldlakot\u00f3w #hoteldlakotowwarszawa #marki #roxie #pusheen #shirley #luna #wakacje #kot #koty #cats #cat #mrrauhotel #hotel #holiday #kotywarszawa\" aria-hidden=\"true\">\n\t\t<\/a>\n\t<\/div>\n<\/div><div class=\"sbi_item sbi_type_image sbi_new sbi_transition\"\n\tid=\"sbi_17842088435805902\" data-date=\"1656409447\">\n\t<div class=\"sbi_photo_wrap\">\n\t\t<a class=\"sbi_photo\" href=\"https:\/\/www.instagram.com\/p\/CfWCiLKjgni\/\" target=\"_blank\" rel=\"noopener nofollow\"\n\t\t\tdata-full-res=\"https:\/\/scontent.cdninstagram.com\/v\/t51.29350-15\/290599868_1716728228697311_1662348231441117443_n.jpg?_nc_cat=100&#038;ccb=1-7&#038;_nc_sid=8ae9d6&#038;_nc_ohc=ao4HwcQSPTkAX_E3nHy&#038;_nc_ht=scontent.cdninstagram.com&#038;edm=ANo9K5cEAAAA&#038;oh=00_AT8oH9Oh5fSsdiK30WnhUtpnu_wz5VfTWGk_hFq7ZRgDNA&#038;oe=62E05688\"\n\t\t\tdata-img-src-set=\"{&quot;d&quot;:&quot;https:\\\/\\\/scontent.cdninstagram.com\\\/v\\\/t51.29350-15\\\/290599868_1716728228697311_1662348231441117443_n.jpg?_nc_cat=100&amp;ccb=1-7&amp;_nc_sid=8ae9d6&amp;_nc_ohc=ao4HwcQSPTkAX_E3nHy&amp;_nc_ht=scontent.cdninstagram.com&amp;edm=ANo9K5cEAAAA&amp;oh=00_AT8oH9Oh5fSsdiK30WnhUtpnu_wz5VfTWGk_hFq7ZRgDNA&amp;oe=62E05688&quot;,&quot;150&quot;:&quot;https:\\\/\\\/scontent.cdninstagram.com\\\/v\\\/t51.29350-15\\\/290599868_1716728228697311_1662348231441117443_n.jpg?_nc_cat=100&amp;ccb=1-7&amp;_nc_sid=8ae9d6&amp;_nc_ohc=ao4HwcQSPTkAX_E3nHy&amp;_nc_ht=scontent.cdninstagram.com&amp;edm=ANo9K5cEAAAA&amp;oh=00_AT8oH9Oh5fSsdiK30WnhUtpnu_wz5VfTWGk_hFq7ZRgDNA&amp;oe=62E05688&quot;,&quot;320&quot;:&quot;https:\\\/\\\/scontent.cdninstagram.com\\\/v\\\/t51.29350-15\\\/290599868_1716728228697311_1662348231441117443_n.jpg?_nc_cat=100&amp;ccb=1-7&amp;_nc_sid=8ae9d6&amp;_nc_ohc=ao4HwcQSPTkAX_E3nHy&amp;_nc_ht=scontent.cdninstagram.com&amp;edm=ANo9K5cEAAAA&amp;oh=00_AT8oH9Oh5fSsdiK30WnhUtpnu_wz5VfTWGk_hFq7ZRgDNA&amp;oe=62E05688&quot;,&quot;640&quot;:&quot;https:\\\/\\\/scontent.cdninstagram.com\\\/v\\\/t51.29350-15\\\/290599868_1716728228697311_1662348231441117443_n.jpg?_nc_cat=100&amp;ccb=1-7&amp;_nc_sid=8ae9d6&amp;_nc_ohc=ao4HwcQSPTkAX_E3nHy&amp;_nc_ht=scontent.cdninstagram.com&amp;edm=ANo9K5cEAAAA&amp;oh=00_AT8oH9Oh5fSsdiK30WnhUtpnu_wz5VfTWGk_hFq7ZRgDNA&amp;oe=62E05688&quot;}\">\n\t\t\t<span class=\"sbi-screenreader\">Franek\ud83e\udde1\n\n#kot #koty #kotyinstagrama #kot #polishca<\/span>\n\t\t\t\t\t\t\t\t\t<img decoding=\"async\" src=\"https:\/\/www.mrrauhotel.pl\/wp-content\/plugins\/instagram-feed\/img\/placeholder.png\" alt=\"Franek\ud83e\udde1\n\n#kot #koty #kotyinstagrama #kot #polishcat #catsitter #marki #catlover #mrrr #holiday #hoteldlakot\u00f3w \n#warszawa #mrraulandia #mrrauhotel  #tipi #kotwarszawa #mrraumagedon #mrrauhotel #love #cute  #love #cat #cats #catlife #catlovers #catlove #catmemes #cateye #catgram #catphotography #europecat #petsitter #model\" aria-hidden=\"true\">\n\t\t<\/a>\n\t<\/div>\n<\/div><div class=\"sbi_item sbi_type_video sbi_new sbi_transition\"\n\tid=\"sbi_17956357774766008\" data-date=\"1656285377\">\n\t<div class=\"sbi_photo_wrap\">\n\t\t<a class=\"sbi_photo\" href=\"https:\/\/www.instagram.com\/reel\/CfSVfRmjYuZ\/\" target=\"_blank\" rel=\"noopener nofollow\"\n\t\t\tdata-full-res=\"https:\/\/scontent.cdninstagram.com\/v\/t51.29350-15\/290036692_407970111300463_1011655003457726461_n.jpg?_nc_cat=104&#038;ccb=1-7&#038;_nc_sid=8ae9d6&#038;_nc_ohc=7TNuIwlKBNoAX9m0nrk&#038;_nc_ht=scontent.cdninstagram.com&#038;edm=ANo9K5cEAAAA&#038;oh=00_AT8X_TtcBxyW9ZOZaR4idDijXZaWnk1nMf1bw8mI7uVOhA&#038;oe=62E187EB\"\n\t\t\tdata-img-src-set=\"{&quot;d&quot;:&quot;https:\\\/\\\/scontent.cdninstagram.com\\\/v\\\/t51.29350-15\\\/290036692_407970111300463_1011655003457726461_n.jpg?_nc_cat=104&amp;ccb=1-7&amp;_nc_sid=8ae9d6&amp;_nc_ohc=7TNuIwlKBNoAX9m0nrk&amp;_nc_ht=scontent.cdninstagram.com&amp;edm=ANo9K5cEAAAA&amp;oh=00_AT8X_TtcBxyW9ZOZaR4idDijXZaWnk1nMf1bw8mI7uVOhA&amp;oe=62E187EB&quot;,&quot;150&quot;:&quot;https:\\\/\\\/scontent.cdninstagram.com\\\/v\\\/t51.29350-15\\\/290036692_407970111300463_1011655003457726461_n.jpg?_nc_cat=104&amp;ccb=1-7&amp;_nc_sid=8ae9d6&amp;_nc_ohc=7TNuIwlKBNoAX9m0nrk&amp;_nc_ht=scontent.cdninstagram.com&amp;edm=ANo9K5cEAAAA&amp;oh=00_AT8X_TtcBxyW9ZOZaR4idDijXZaWnk1nMf1bw8mI7uVOhA&amp;oe=62E187EB&quot;,&quot;320&quot;:&quot;https:\\\/\\\/scontent.cdninstagram.com\\\/v\\\/t51.29350-15\\\/290036692_407970111300463_1011655003457726461_n.jpg?_nc_cat=104&amp;ccb=1-7&amp;_nc_sid=8ae9d6&amp;_nc_ohc=7TNuIwlKBNoAX9m0nrk&amp;_nc_ht=scontent.cdninstagram.com&amp;edm=ANo9K5cEAAAA&amp;oh=00_AT8X_TtcBxyW9ZOZaR4idDijXZaWnk1nMf1bw8mI7uVOhA&amp;oe=62E187EB&quot;,&quot;640&quot;:&quot;https:\\\/\\\/scontent.cdninstagram.com\\\/v\\\/t51.29350-15\\\/290036692_407970111300463_1011655003457726461_n.jpg?_nc_cat=104&amp;ccb=1-7&amp;_nc_sid=8ae9d6&amp;_nc_ohc=7TNuIwlKBNoAX9m0nrk&amp;_nc_ht=scontent.cdninstagram.com&amp;edm=ANo9K5cEAAAA&amp;oh=00_AT8X_TtcBxyW9ZOZaR4idDijXZaWnk1nMf1bw8mI7uVOhA&amp;oe=62E187EB&quot;}\">\n\t\t\t<span class=\"sbi-screenreader\">Ekipa w hotelu\ud83d\udc08\ud83d\udc08\u200d\u2b1b\n\n#cats #marki #mrrauhotel #nied<\/span>\n\t\t\t\t\t\t<svg style=\"color: rgba(255,255,255,1)\" class=\"svg-inline--fa fa-play fa-w-14 sbi_playbtn\" aria-label=\"Play\" aria-hidden=\"true\" data-fa-processed=\"\" data-prefix=\"fa\" data-icon=\"play\" role=\"presentation\" xmlns=\"http:\/\/www.w3.org\/2000\/svg\" viewBox=\"0 0 448 512\"><path fill=\"currentColor\" d=\"M424.4 214.7L72.4 6.6C43.8-10.3 0 6.1 0 47.9V464c0 37.5 40.7 60.1 72.4 41.3l352-208c31.4-18.5 31.5-64.1 0-82.6z\"><\/path><\/svg>\t\t\t<img decoding=\"async\" src=\"https:\/\/www.mrrauhotel.pl\/wp-content\/plugins\/instagram-feed\/img\/placeholder.png\" alt=\"Ekipa w hotelu\ud83d\udc08\ud83d\udc08\u200d\u2b1b\n\n#cats #marki #mrrauhotel #niedziela #noc #hoteldlakot\u00f3w #hoteldlakot\u00f3wwarszawa #hoteldlakot\u00f3wmarki #petsitter #love #drapakirufi #mrrau\" aria-hidden=\"true\">\n\t\t<\/a>\n\t<\/div>\n<\/div><div class=\"sbi_item sbi_type_image sbi_new sbi_transition\"\n\tid=\"sbi_17960127748775348\" data-date=\"1654952009\">\n\t<div class=\"sbi_photo_wrap\">\n\t\t<a class=\"sbi_photo\" href=\"https:\/\/www.instagram.com\/p\/CeqmsPMDN0C\/\" target=\"_blank\" rel=\"noopener nofollow\"\n\t\t\tdata-full-res=\"https:\/\/scontent.cdninstagram.com\/v\/t51.29350-15\/287068979_571511967738519_7557013143650786245_n.jpg?_nc_cat=110&#038;ccb=1-7&#038;_nc_sid=8ae9d6&#038;_nc_ohc=01yeZG0DXbUAX9RCJWs&#038;_nc_ht=scontent.cdninstagram.com&#038;edm=ANo9K5cEAAAA&#038;oh=00_AT_GsD_3dzqSWySvsJ-ugwj-DYpaZkvBtJsYme5l9a8Gsw&#038;oe=62E06C6F\"\n\t\t\tdata-img-src-set=\"{&quot;d&quot;:&quot;https:\\\/\\\/scontent.cdninstagram.com\\\/v\\\/t51.29350-15\\\/287068979_571511967738519_7557013143650786245_n.jpg?_nc_cat=110&amp;ccb=1-7&amp;_nc_sid=8ae9d6&amp;_nc_ohc=01yeZG0DXbUAX9RCJWs&amp;_nc_ht=scontent.cdninstagram.com&amp;edm=ANo9K5cEAAAA&amp;oh=00_AT_GsD_3dzqSWySvsJ-ugwj-DYpaZkvBtJsYme5l9a8Gsw&amp;oe=62E06C6F&quot;,&quot;150&quot;:&quot;https:\\\/\\\/scontent.cdninstagram.com\\\/v\\\/t51.29350-15\\\/287068979_571511967738519_7557013143650786245_n.jpg?_nc_cat=110&amp;ccb=1-7&amp;_nc_sid=8ae9d6&amp;_nc_ohc=01yeZG0DXbUAX9RCJWs&amp;_nc_ht=scontent.cdninstagram.com&amp;edm=ANo9K5cEAAAA&amp;oh=00_AT_GsD_3dzqSWySvsJ-ugwj-DYpaZkvBtJsYme5l9a8Gsw&amp;oe=62E06C6F&quot;,&quot;320&quot;:&quot;https:\\\/\\\/scontent.cdninstagram.com\\\/v\\\/t51.29350-15\\\/287068979_571511967738519_7557013143650786245_n.jpg?_nc_cat=110&amp;ccb=1-7&amp;_nc_sid=8ae9d6&amp;_nc_ohc=01yeZG0DXbUAX9RCJWs&amp;_nc_ht=scontent.cdninstagram.com&amp;edm=ANo9K5cEAAAA&amp;oh=00_AT_GsD_3dzqSWySvsJ-ugwj-DYpaZkvBtJsYme5l9a8Gsw&amp;oe=62E06C6F&quot;,&quot;640&quot;:&quot;https:\\\/\\\/scontent.cdninstagram.com\\\/v\\\/t51.29350-15\\\/287068979_571511967738519_7557013143650786245_n.jpg?_nc_cat=110&amp;ccb=1-7&amp;_nc_sid=8ae9d6&amp;_nc_ohc=01yeZG0DXbUAX9RCJWs&amp;_nc_ht=scontent.cdninstagram.com&amp;edm=ANo9K5cEAAAA&amp;oh=00_AT_GsD_3dzqSWySvsJ-ugwj-DYpaZkvBtJsYme5l9a8Gsw&amp;oe=62E06C6F&quot;}\">\n\t\t\t<span class=\"sbi-screenreader\">Hej, jestem Miecia \ud83e\udde1\ud83d\ude3b\n\n#kot #koty #kotyinstagrama <\/span>\n\t\t\t\t\t\t\t\t\t<img decoding=\"async\" src=\"https:\/\/www.mrrauhotel.pl\/wp-content\/plugins\/instagram-feed\/img\/placeholder.png\" alt=\"Hej, jestem Miecia \ud83e\udde1\ud83d\ude3b\n\n#kot #koty #kotyinstagrama #kot #polishcat #catsitter #marki #catlover #mrrr #holiday #hoteldlakot\u00f3w \n#warszawa #mrraulandia #mrrauhotel  #tipi #kotwarszawa #mrraumagedon #mrrauhotel #love #cute  #love #cat #cats #catlife #catlovers #catlove #catmemes #cateye #catgram #catphotography #europecat #petsitter #model\" aria-hidden=\"true\">\n\t\t<\/a>\n\t<\/div>\n<\/div>\t<\/div>\n\n\t<div id=\"sbi_load\" >\n\n\t\t\t<button class=\"sbi_load_btn\"\n\t\t\ttype=\"button\" >\n\t\t\t<span class=\"sbi_btn_text\" >Wczytaj wi\u0119cej<\/span>\n\t\t\t<span class=\"sbi_loader sbi_hidden\" style=\"background-color: rgb(255, 255, 255);\" aria-hidden=\"true\"><\/span>\n\t\t<\/button>\n\t\n\t\t\t<span class=\"sbi_follow_btn sbi_custom\" >\n\t\t\t<a target=\"_blank\"\n\t\t\t\trel=\"nofollow noopener\"  href=\"https:\/\/www.instagram.com\/mrrauhotel\/\" style=\"background: rgb(64,139,209);\">\n\t\t\t\t<svg class=\"svg-inline--fa fa-instagram fa-w-14\" aria-hidden=\"true\" data-fa-processed=\"\" aria-label=\"Instagram\" data-prefix=\"fab\" data-icon=\"instagram\" role=\"img\" viewBox=\"0 0 448 512\">\n                    <path fill=\"currentColor\" d=\"M224.1 141c-63.6 0-114.9 51.3-114.9 114.9s51.3 114.9 114.9 114.9S339 319.5 339 255.9 287.7 141 224.1 141zm0 189.6c-41.1 0-74.7-33.5-74.7-74.7s33.5-74.7 74.7-74.7 74.7 33.5 74.7 74.7-33.6 74.7-74.7 74.7zm146.4-194.3c0 14.9-12 26.8-26.8 26.8-14.9 0-26.8-12-26.8-26.8s12-26.8 26.8-26.8 26.8 12 26.8 26.8zm76.1 27.2c-1.7-35.9-9.9-67.7-36.2-93.9-26.2-26.2-58-34.4-93.9-36.2-37-2.1-147.9-2.1-184.9 0-35.8 1.7-67.6 9.9-93.9 36.1s-34.4 58-36.2 93.9c-2.1 37-2.1 147.9 0 184.9 1.7 35.9 9.9 67.7 36.2 93.9s58 34.4 93.9 36.2c37 2.1 147.9 2.1 184.9 0 35.9-1.7 67.7-9.9 93.9-36.2 26.2-26.2 34.4-58 36.2-93.9 2.1-37 2.1-147.8 0-184.8zM398.8 388c-7.8 19.6-22.9 34.7-42.6 42.6-29.5 11.7-99.5 9-132.1 9s-102.7 2.6-132.1-9c-19.6-7.8-34.7-22.9-42.6-42.6-11.7-29.5-9-99.5-9-132.1s-2.6-102.7 9-132.1c7.8-19.6 22.9-34.7 42.6-42.6 29.5-11.7 99.5-9 132.1-9s102.7-2.6 132.1 9c19.6 7.8 34.7 22.9 42.6 42.6 11.7 29.5 9 99.5 9 132.1s2.7 102.7-9 132.1z\"><\/path>\n                <\/svg>\t\t\t\t<span>Obserwuj na Instagramie<\/span>\n\t\t\t<\/a>\n\t\t<\/span>\n\t\n<\/div>\n\t\t<span class=\"sbi_resized_image_data\" data-feed-id=\"*2\"\n\t\t  data-resized=\"{&quot;17960127748775348&quot;:{&quot;id&quot;:&quot;287068979_571511967738519_7557013143650786245_n&quot;,&quot;ratio&quot;:&quot;0.80&quot;,&quot;sizes&quot;:{&quot;full&quot;:640,&quot;low&quot;:320,&quot;thumb&quot;:150}},&quot;17842088435805902&quot;:{&quot;id&quot;:&quot;290599868_1716728228697311_1662348231441117443_n&quot;,&quot;ratio&quot;:&quot;0.99&quot;,&quot;sizes&quot;:{&quot;full&quot;:640,&quot;low&quot;:320,&quot;thumb&quot;:150}},&quot;17956357774766008&quot;:{&quot;id&quot;:&quot;290036692_407970111300463_1011655003457726461_n&quot;,&quot;ratio&quot;:&quot;0.56&quot;,&quot;sizes&quot;:{&quot;full&quot;:640,&quot;low&quot;:320,&quot;thumb&quot;:150}},&quot;18010148170436435&quot;:{&quot;id&quot;:&quot;295012693_781781006328076_4064513194391006233_n&quot;,&quot;ratio&quot;:&quot;0.56&quot;,&quot;sizes&quot;:{&quot;full&quot;:640,&quot;low&quot;:320,&quot;thumb&quot;:150}}}\">\n\t<\/span>\n\t<\/div>\n\n[\/vc_column_text][vc_empty_space alter_height=&#8221;large&#8221; hide_on_mobile=&#8221;&#8221; css=&#8221;.vc_custom_1493816998507{margin-top: 0.5rem !important;}&#8221;][\/vc_column][\/vc_row]<\/p>\n","protected":false},"excerpt":{"rendered":"<p>[vc_row full_width=&#8221;stretch_row_content_no_spaces&#8221;][vc_column][\/vc_column][\/vc_row][vc_row][vc_column icons_position=&#8221;left&#8221;][vc_empty_space alter_height=&#8221;large&#8221; hide_on_mobile=&#8221;&#8221; css=&#8221;.vc_custom_1494159310838{margin-top: 0.7rem !important;}&#8221;][vc_empty_space alter_height=&#8221;medium&#8221; hide_on_mobile=&#8221;&#8221; css=&#8221;.vc_custom_1494159345357{margin-top: 1.85rem !important;}&#8221;][vc_column_text] Mrrau Hotel \u2013 miejsce to powsta\u0142o w jednym celu \u2013 zapewni\u0107 zwierzakom i ich opiekunom najlepsz\u0105 opiek\u0119 i wsparcie, jakiego potrzebuj\u0105. Dzia\u0142amy od 2020 roku, w miejscowo\u015bci Marki i codziennie z u\u015bmiechem na twarzy witamy naszych klient\u00f3w! Przejrzyj witryn\u0119 aby dowiedzie\u0107 si\u0119 wi\u0119cej. REGULAMIN MRRAUHOTEL [\/vc_column_text][\/vc_column][\/vc_row][vc_row][vc_column width=&#8221;1\/3&#8243;&hellip;<\/p>\n","protected":false},"author":1,"featured_media":0,"parent":0,"menu_order":0,"comment_status":"closed","ping_status":"closed","template":"","meta":{"footnotes":""},"class_list":["post-77","page","type-page","status-publish","hentry"],"_links":{"self":[{"href":"https:\/\/www.mrrauhotel.pl\/index.php\/wp-json\/wp\/v2\/pages\/77","targetHints":{"allow":["GET"]}}],"collection":[{"href":"https:\/\/www.mrrauhotel.pl\/index.php\/wp-json\/wp\/v2\/pages"}],"about":[{"href":"https:\/\/www.mrrauhotel.pl\/index.php\/wp-json\/wp\/v2\/types\/page"}],"author":[{"embeddable":true,"href":"https:\/\/www.mrrauhotel.pl\/index.php\/wp-json\/wp\/v2\/users\/1"}],"replies":[{"embeddable":true,"href":"https:\/\/www.mrrauhotel.pl\/index.php\/wp-json\/wp\/v2\/comments?post=77"}],"version-history":[{"count":17,"href":"https:\/\/www.mrrauhotel.pl\/index.php\/wp-json\/wp\/v2\/pages\/77\/revisions"}],"predecessor-version":[{"id":1030,"href":"https:\/\/www.mrrauhotel.pl\/index.php\/wp-json\/wp\/v2\/pages\/77\/revisions\/1030"}],"wp:attachment":[{"href":"https:\/\/www.mrrauhotel.pl\/index.php\/wp-json\/wp\/v2\/media?parent=77"}],"curies":[{"name":"wp","href":"https:\/\/api.w.org\/{rel}","templated":true}]}}